pose 0 = h*p + 20, -p - 110 = -2*s + 493. What is the tens digit of s?
9
Let x(y) = -155*y + 4416. What is the tens digit of x(-98)?
0
Let u = -145 + 214. Let k = u + -60. Suppose 0*w - k*w + 1035 = 0. What is the hundreds digit of w?
1
Let g be 6/8*304/57. Let d(x) = -x**3 - 10*x**2 + 4*x - 2. Let z be d(-10). What is the units digit of 3 + (-2592)/z - g/(-14)?
5
Let s(x) be the second derivative of 35*x**3/3 + 21*x**2/2 - 33*x. What is the units digit of s(4)?
1
Suppose -7*l + 2*l + 50 = 0. Let y(w) be the first derivative of w**3/3 + 7*w**2/2 - 7*w - 12. What is the units digit of y(l)?
3
Let a(o) = 23*o - 24 + 2*o**3 - 16*o - 3*o**3 + 6*o - 16*o**2. Let g be a(-17). Suppose 42*y - g*y + 50 = 0. What is the tens digit of y?
2
Suppose 0 = l - 3*f - 10113 - 6273, -l - 2*f + 16406 = 0. What is the units digit of l?
8
Let v(c) = -c**2 - 437*c - 357. What is the hundreds digit of v(-65)?
8
Suppose 0*y = 2*y - 16. Let v be (-204)/(-16)*2*y/3. What is the tens digit of 60/8*v/2?
5
Let m be 1 + 34/(-4 - -2). Let j = m - -14. What is the units digit of 6 + (j - (-4 + -1))?
9
Suppose 10242 = 4*l - 4*g - 15262, -5*l + 8*g = -31874. What is the hundreds digit of l?
3
Let j = 77668 - 50424. What is the hundreds digit of j?
2
Let a be (-1)/9*2 - 87/(-27). Let s be (a - 14/4)*2*-12. Let i(g) = -g**2 + 17*g - 12. What is the units digit of i(s)?
8
Let r = 6867 + -1690. What is the units digit of r?
7
Let r be (-63)/(-6)*-1*(5 - 3). Let j = r - -31. What is the tens digit of j?
1
What is the hundreds digit of (-5103 + 9)*117/(-18)?
1
Let n = 11 - 9. Suppose -n*y + 8 = -2*x, x - 2*x + 6 = y. What is the tens digit of ((-1)/(-2))/(-7*y/(-5460))?
7
Suppose -a + 8*w + 34610 = 9*w, a - 34628 = -7*w. What is the ten thousands digit of a?
3
Suppose -4*w - 24 = -4*d, -5*d + 2*d = w + 2. Let c be 21/7 + 1/d. What is the tens digit of (c/(-6))/((-24)/4932)?
3
Let u(n) = 3*n**3 + 16*n**2 + 107*n - 20. What is the tens digit of u(23)?
0
Suppose -503*v + 244*v + 9571863 = 0. What is the tens digit of v?
5
Suppose 5*i - 1465 = 5*j, j = -2*i - 303 + 880. Let p(g) = -546*g - 4944. Let b be p(-9). Let z = b + i. What is the tens digit of z?
6
Suppose 3*x + n = x - 1272, 2*x = n - 1280. Let c = x + 2117. What is the hundreds digit of c?
4
Suppose -3*q = -2*q + 5*b - 596, 2*q + 3*b = 1227. Suppose -629*o = -q*o - 7800. What is the hundreds digit of o?
9
Suppose 7*q + 20 - 69 = 0. What is the tens digit of -85*(21/q + -8)?
2
Let x(n) = 556*n**2 + 99*n - 602. What is the units digit of x(6)?
8
What is the hundreds digit of (12/(-9))/((-92)/609753)?
8
Suppose -33*q = 43524 - 222351. What is the thousands digit of q?
5
Let i(b) = -9*b + 466. Suppose -62*y = -59*y. What is the tens digit of i(y)?
6
Suppose -34*s + 997134 - 45950 = 0. What is the hundreds digit of (-10)/(s/(-4656) - -6)?
1
Suppose -3*u + 219 = 5*t, -2*u + 5*t - 292 = -6*u. Suppose 66*o + 2604 = u*o. What is the hundreds digit of o?
3
Let f = -21 - -23. Let m(b) = -b**f + 3 - 7*b + 11*b + 12*b + 3. What is the tens digit of m(7)?
6
Let u(y) = y**3 - 11*y**2 - 2*y + 26. Let t be u(11). What is the units digit of 9/(9/t) + 297?
1
Let d = -4038 - -9877. What is the tens digit of d?
3
Let t be 3/9 - (4/12 - 0). Suppose t*o - 196 = -4*o. What is the tens digit of o?
4
Suppose 4 = 13*m - 87. Let w = -85 - -36. What is the tens digit of 1/m + (-1806)/w?
3
Let d(g) = 29*g - 26 + 41*g + 4*g + 30*g - 172*g. What is the tens digit of d(-6)?
8
Let w be 36396/26 + (-44)/(-286). Suppose 0*t - 4*g + 2110 = 3*t, 2*t - w = 4*g. What is the hundreds digit of t?
7
Let f = -325 - -315. What is the units digit of ((1064 + 10)/(-3))/(4/f)?
5
Suppose -416 = -6*p + 340. Suppose -i - i + p = 0. What is the units digit of i?
3
Let q(r) = -r**3 + 7*r**2 - r + 5. Let v be q(6). What is the units digit of (-22)/(-1)*v/10?
7
Let s be 3974*((-5)/2 - (9 - 12)). Suppose -4*k + s = 27. Let m = k + -316. What is the tens digit of m?
7
Let a(r) = 542*r - 7. Let z be a(1). Suppose 4*m - 1698 = 2*w, m - w - z = -113. What is the hundreds digit of m?
4
Suppose 4*m + 2*j + 2*j = -96, 2*m - 3*j + 48 = 0. Let b = 379 + m. What is the tens digit of b?
5
Let x = 592 - 1004. Let h = -173 - x. What is the tens digit of h?
3
Suppose -5*h + 2*o + 295128 = 45321, 149880 = 3*h + 3*o. What is the thousands digit of h?
9
Let n(x) = -x**3 + 5*x**2 - 3*x + 5. Let j be n(5). Let u(k) = -k**2 - 19*k - 10. Let c be u(j). Suppose -s + c = -30. What is the hundreds digit of s?
1
What is the units digit of (706 - 0)*((-348)/(-56) - (-14)/49)?
9
Suppose 5*l = -t + 1113, -t + 297 = -2*l - 816. Suppose -1110*o - 2370 = -t*o. What is the tens digit of o?
9
Let d = -3952 - -8844. What is the tens digit of d?
9
Let i(p) be the first derivative of p**3 + 7*p**2/2 + 5*p + 26. Let n be i(-4). What is the units digit of (-1073)/(-5) - (-10)/n?
5
Suppose 2*h - 1685 = -1621. Suppose 3*f - 54 = f. Let d = f + h. What is the tens digit of d?
5
Let y(x) = 14*x**2 + 12*x - 1058. Let c(s) = -3*s**2 - 3*s + 265. Let o(l) = 9*c(l) + 2*y(l). What is the hundreds digit of o(0)?
2
Let d(l) be the third derivative of 7*l**6/24 - l**5/60 - 11*l**4/24 + l**3/3 - 41*l**2 + 1. What is the units digit of d(3)?
5
Let f(x) = -12*x**2 - 5*x - 15. Let m be f(-7). Let i be 5 - 7/((-7)/m). Let h = -313 - i. What is the tens digit of h?
5
Let a(z) = 7*z**2 + 150*z - 252. What is the hundreds digit of a(-30)?
5
Let l(x) = -x - 84 - 31 + 283. What is the tens digit of l(-20)?
8
Let k(z) = -z**2 + 25*z - 100. Let w be k(20). Suppose w = -3*c - 3, -2*s - 9*c + 994 = -5*c. What is the units digit of s?
9
Suppose 5*l = t - 11548, -2*l - 49308 + 14664 = -3*t. What is the ten thousands digit of t?
1
Let k = -1220 + 242. What is the tens digit of k/(-2) - (-6 + (-10)/(-5))?
9
Suppose y = 5*k + 605, y + y - 3*k - 1231 = 0. Let h = 1348 - y. What is the tens digit of h?
2
Let r be (-416)/(-91) - 3/(-7). Suppose 5*q - v - 2247 = 2*q, r*q = 3*v + 3745. What is the units digit of q?
9
Let c(a) = -4 - 15*a**3 + 4*a**2 + 2 + 14*a**3 - 2*a. Let g be c(2). Suppose 2*t = 4*r - r + 42, 5*r + 38 = g*t. What is the units digit of t?
4
Suppose w + 4 = 0, 0*i = 3*i + 3*w + 177. Let t = 66 + i. Let r(g) = -g**3 + 12*g**2 - 5*g + 16. What is the units digit of r(t)?
2
Let s(x) be the first derivative of 5*x**4 - x**3/3 - x**2 + x + 365. Suppose -2*n = n - 6. What is the units digit of s(n)?
3
Suppose -2*x + 7*x = -10. Let t be 0/(x/(-5) + (-32)/(-20)). Suppose 4*c - 332 = -t*c. What is the units digit of c?
3
Let n(v) be the second derivative of 5*v**3/2 + 49*v**2/2 - 108*v - 2. What is the units digit of n(26)?
9
Let d = 2065 - -8073. What is the units digit of d?
8
Suppose 10*b + 867 + 4333 = 0. Let v = b + 1528. What is the units digit of v?
8
Suppose 0 = -60*t + 4370059 - 1231639. What is the units digit of t?
7
Let m(u) = u**3 + 43*u**2 + 81*u + 11. What is the thousands digit of m(-35)?
6
Let i(x) = -15*x**3 + 4*x**2 - 34*x + 27. What is the thousands digit of i(-8)?
8
Let x(u) = 58*u**3 + u**2 + 60*u - 299. What is the units digit of x(5)?
6
Let r be (-2)/(-3)*(602 - 50/(-5)). Let y = 1181 - r. What is the hundreds digit of y?
7
Suppose -4*x = -0*x - 5*b + 497, -4*x - 518 = 2*b. Let l = 77 + x. Let z = l - -60. What is the units digit of z?
9
Let m(h) = 802*h - 491. What is the hundreds digit of m(15)?
5
Suppose -9*i - 78194 - 18214 = 0. Let d be (6/(-4))/((-78)/i). Let r = -122 - d. What is the tens digit of r?
8
Suppose -2*f + 5*c + 0*c + 118 = 0, -4*c - 260 = -4*f. Suppose p - 2 = -8. What is the tens digit of (f/p - -6)*(1 - 29)?
5
Suppose 7*k + 26 - 40 = 0. Suppose -4*y = k*v - 52 - 842, v = 2*y - 453. What is the units digit of y?
5
Suppose -13*j = -17*j + 5*s + 11662, 4*s = -2*j + 5792. What is the hundreds digit of j?
9
Suppose 21*f - 994 - 203 = 0. Suppose p = 2*a + f, -13*p + 15*p - 123 = a. What is the tens digit of p?
6
Suppose 2105 = 3*a - 2*x - 2343, 5*a = x + 7418. Suppose -4*p + 6*i + a = i, -4*p = -2*i - 1472. What is the units digit of p?
6
Let h be 6 + (3/(-7) - (-6)/14). Let a(k) = 9 + h*k**2 + 0 + 13*k + 0*k - 59. What is the units digit of a(6)?
4
Let t(m) = m**3 + 6*m**2 - 6*m - 1. Let q(y) = -y**2. Let i(a) = -4*q(a) - t(a). Let k be 5*12/10*-1. What is the tens digit of i(k)?
0
Let y = 1624 + -1101